{"id":110,"date":"2018-05-19T20:56:42","date_gmt":"2018-05-19T18:56:42","guid":{"rendered":"http:\/\/www.spritspar-meisterschaft.de\/?page_id=110"},"modified":"2018-06-10T21:53:13","modified_gmt":"2018-06-10T19:53:13","slug":"kosteneffekte","status":"publish","type":"page","link":"https:\/\/www.spritspar-meisterschaft.de\/index.php\/kosteneffekte\/","title":{"rendered":"Kosteneffekte"},"content":{"rendered":"<p>&nbsp;<\/p>\n<p style=\"text-align: justify;\"><span style=\"font-size: 14pt;\">Neben der unmittelbaren <span style=\"color: #77cc6d;\"><strong>Reduktion von Spritkosten<\/strong><\/span> durch die Realisierung des Einsparpotenzials der Trainings und die <span style=\"color: #77cc6d;\"><strong>Senkung von Unfallfolgekosten<\/strong><\/span> wirkt sich auch der durch den Eco-Fahrstil <span style=\"color: #77cc6d;\"><strong>verminderte Verschlei\u00df<\/strong><\/span> bei den Fahrzeugen positiv auf die Unternehmensbilanz aus. Eine direkte Auswirkung der K\u00f6lner Spritspar-Meisterschaft f\u00fcr mitwirkende Unternehmen ist die schonende Nutzung und die l\u00e4ngere Lebensdauer ihrer Fahrzeuge.<\/span><\/p>\n","protected":false},"excerpt":{"rendered":"<p>&nbsp; Neben der unmittelbaren Reduktion von Spritkosten durch die Realisierung des Einsparpotenzials der Trainings und die Senkung von Unfallfolgekosten wirkt sich auch der durch den Eco-Fahrstil verminderte Verschlei\u00df bei den Fahrzeugen positiv auf die Unternehmensbilanz aus. Eine direkte Auswirkung der<\/p>\n","protected":false},"author":2,"featured_media":0,"parent":0,"menu_order":0,"comment_status":"closed","ping_status":"closed","template":"","meta":{"footnotes":""},"class_list":["post-110","page","type-page","status-publish","hentry"],"_links":{"self":[{"href":"https:\/\/www.spritspar-meisterschaft.de\/index.php\/wp-json\/wp\/v2\/pages\/110","targetHints":{"allow":["GET"]}}],"collection":[{"href":"https:\/\/www.spritspar-meisterschaft.de\/index.php\/wp-json\/wp\/v2\/pages"}],"about":[{"href":"https:\/\/www.spritspar-meisterschaft.de\/index.php\/wp-json\/wp\/v2\/types\/page"}],"author":[{"embeddable":true,"href":"https:\/\/www.spritspar-meisterschaft.de\/index.php\/wp-json\/wp\/v2\/users\/2"}],"replies":[{"embeddable":true,"href":"https:\/\/www.spritspar-meisterschaft.de\/index.php\/wp-json\/wp\/v2\/comments?post=110"}],"version-history":[{"count":0,"href":"https:\/\/www.spritspar-meisterschaft.de\/index.php\/wp-json\/wp\/v2\/pages\/110\/revisions"}],"wp:attachment":[{"href":"https:\/\/www.spritspar-meisterschaft.de\/index.php\/wp-json\/wp\/v2\/media?parent=110"}],"curies":[{"name":"wp","href":"https:\/\/api.w.org\/{rel}","templated":true}]}}