{"id":143,"date":"2018-05-19T21:22:41","date_gmt":"2018-05-19T19:22:41","guid":{"rendered":"http:\/\/www.spritspar-meisterschaft.de\/?page_id=143"},"modified":"2019-08-01T09:59:31","modified_gmt":"2019-08-01T07:59:31","slug":"143-2","status":"publish","type":"page","link":"https:\/\/www.spritspar-meisterschaft.de\/index.php\/143-2\/","title":{"rendered":"Termine."},"content":{"rendered":"<p><strong><span style=\"font-size: 14pt;\">30.07.2019 Klimaschutzworkshop im Autohaus Strunk<\/span><\/strong><\/p>\n<p>10 engagierte Jugendliche der JOBLINGE gAG Rheinland wurden zu Klimaschutzbotschaftern ausgebildet.<\/p>\n<p><img loading=\"lazy\" decoding=\"async\" class=\"alignleft\" src=\"https:\/\/www.spritspar-meisterschaft.de\/wp-content\/uploads\/2019\/07\/20190730_110421_resized.jpg\" alt=\"\" width=\"305\" height=\"148\" \/><\/p>\n<p><img loading=\"lazy\" decoding=\"async\" class=\"alignleft\" src=\"https:\/\/www.spritspar-meisterschaft.de\/wp-content\/uploads\/2019\/07\/20190730_111712_resized.jpg\" alt=\"\" width=\"306\" height=\"149\" \/><\/p>\n<p><span style=\"color: #ffffff;\">F<\/span><\/p>\n<p><span style=\"color: #ffffff;\">F<\/span><\/p>\n<p><span style=\"color: #ffffff;\">F<\/span><\/p>\n<p><span style=\"color: #ffffff;\">F<\/span><\/p>\n<p><span style=\"color: #ffffff;\">F<\/span><\/p>\n<p><span style=\"color: #ffffff;\">F<\/span><\/p>\n<p><span style=\"color: #ffffff;\">f<\/span><\/p>\n<p><span style=\"font-size: 14pt;\"><strong>22.07.2019 Auftakt der Elektro Effizienz und Sicherheitstrainingsreihe<\/strong><\/span><\/p>\n<p>Besch\u00e4ftigte des Ordungs- und Verkehrsdienstes starten das Leuchtturm Event f\u00fcr Trainings auf Elektrofahrzeugen mit Unterst\u00fctzung der Ford-Werke GmbH dem Mobilit\u00e4tspartner der KSM.<\/p>\n<p><span style=\"font-size: 14pt;\"><strong>04.07.2019 Klimaschutz-Workshop an der IGS-Holweide<\/strong><\/span><\/p>\n<p>Kurz vor den Ferien werden an der IGS-Holweide etwa 20 Sch\u00fclerinnen und Sch\u00fcler zu Klimaschutzbotschaftern der KSM ausgebildet.<\/p>\n<p><span style=\"font-size: 14pt;\"><b>25.06.2019 Klimaschutz-Workshop an der Jugendwerkstatt M\u00fclheim<\/b><\/span><\/p>\n<p>15 Sch\u00fcler\/innen der Jugendwerkstatt sammelten zahlreiche neue Erkenntnisse zum Thema Nachhaltige Mobilit\u00e4t und Klimaschutz.<\/p>\n<p><span style=\"font-size: 14pt;\"><strong>28.03.2019 Bezirksfinale der Stadtbezirke Chorweiler, M\u00fclheim und Porz<\/strong><\/span><\/p>\n<p>Am 28.03.2019 werden die letzten Finale der Bezirksmeisterschaften durchgef\u00fchrt. Wir freuen uns wieder auf eine spannende Entscheidung, welche Spritsparer in das gro\u00dfe Finale einziehen werden.<\/p>\n<p><span style=\"font-size: 14pt;\"><strong>21.11.2018 Bezirksfinale der Stadtbezirke Ehrenfeld und Lindenthal <a href=\"https:\/\/www.spritspar-meisterschaft.de\/wp-content\/uploads\/2018\/11\/PM-BZ-Finals-KSM-Workshop.pdf\" target=\"_blank\" rel=\"noopener noreferrer\">(Pressemitteilung)<\/a><\/strong><\/span><\/p>\n<p>Am 21.11 wurden die n\u00e4chsten Bezirksmeister der KSM ermittelt. Diesmal traten die Kandidaten der Bezirke Ehrenfeld und Lindenthal gegeneinander an. Die Veranstaltung wurde parallel zum Klimaschutz-Workshop im Autohaus Strunk in Nippes durchgef\u00fchrt. Hier konnten sich Herr Stefan R\u00f6mer (Bild 1. v. l.) f\u00fcr Lindenthal und Herr Stefan Dreyer (Bild 1. v. r.) f\u00fcr Ehrenfeld f\u00fcr das gro\u00dfe Finale qualifizieren.<\/p>\n<p><img loading=\"lazy\" decoding=\"async\" src=\"https:\/\/www.spritspar-meisterschaft.de\/wp-content\/uploads\/2018\/11\/20181121_121119.jpg\" width=\"587\" height=\"285\" \/><\/p>\n<p><span style=\"font-size: 14pt;\"><strong>21.11.2018 N\u00e4chster Klimaschutz-Workshop f\u00fcr Berufssch\u00fcler\/innen und Auszubildende <a href=\"https:\/\/www.spritspar-meisterschaft.de\/wp-content\/uploads\/2018\/11\/PM-BZ-Finals-KSM-Workshop.pdf\" target=\"_blank\" rel=\"noopener noreferrer\">(Pressemitteilung<\/a>)<\/strong><\/span><\/p>\n<p>Am 21.11 wurde der n\u00e4chste Klimaschutzworkshop mit Teilnehmenden der JOBLINGE gAG Rheinland durchgef\u00fchrt.<\/p>\n<p><img loading=\"lazy\" decoding=\"async\" src=\"https:\/\/www.spritspar-meisterschaft.de\/wp-content\/uploads\/2018\/11\/20181121_102235.jpg\" width=\"375\" height=\"182\" \/> \u00a0 \u00a0\u00a0<img loading=\"lazy\" decoding=\"async\" src=\"https:\/\/www.spritspar-meisterschaft.de\/wp-content\/uploads\/2018\/11\/20181121_094745.jpg\" width=\"374\" height=\"182\" \/><\/p>\n<p><span style=\"font-size: 14pt;\"><strong>13.11.2018 Bezirksfinale der Stadtbezirke Nippes und Innenstadt <a href=\"https:\/\/www.spritspar-meisterschaft.de\/wp-content\/uploads\/2018\/11\/PM-BZ-Finals-KSM-Workshop.pdf\" target=\"_blank\" rel=\"noopener noreferrer\">(Pressemitteilung)<\/a><\/strong><\/span><\/p>\n<p>Am 13.11 werden die ersten Bezirksmeister der KSM ermittelt. Zun\u00e4chst treten die Kandidaten der Bezirke Nippes und Innenstadt gegeneinander an. Die Veranstaltung wird parallel zum Klimaschutz-Workshop in der Jugendwerkstatt Klettenberg durchgef\u00fchrt. F\u00fcr den Stadtbezirk Nippes wird Frau Barbara Kosanke (Bild 1. v. l.) und f\u00fcr den Stadtbezirk Innenstadt Herr Felix Grauer (Bildmitte) in das gro\u00dfe Finale im Kampf um die Krone des\/der K\u00f6lner Spritsparmeisters\/in\u00a0 im n\u00e4chsten Jahr einziehen.<\/p>\n<p><span style=\"font-size: 14pt;\"><strong>12. und 13.11.2018 Premiere der Klimaschutz-Workshops f\u00fcr Berufssch\u00fcler\/innen und Auszubildende <a href=\"https:\/\/www.spritspar-meisterschaft.de\/wp-content\/uploads\/2018\/11\/PM-BZ-Finals-KSM-Workshop.pdf\" target=\"_blank\" rel=\"noopener noreferrer\">(Pressemitteilung)<\/a><\/strong><\/span><\/p>\n<p>Die K\u00f6lner Spritspar-Meisterschaft f\u00fchrt gemeinsam mit den Jugendwerkst\u00e4tten Klettenberg und Nippes die ersten Klimaschutz-Workshops durch. Die kostenlosen Workshops wurden speziell f\u00fcr die Zielgruppe der Berufssch\u00fcler\/innen und Auszubildenden entwickelt. Am 12. und 13.11 wurden 30 Teilnehmende zu Klimaschutzbotschaftern der KSM ausgebildet.<\/p>\n<p><img loading=\"lazy\" decoding=\"async\" src=\"https:\/\/www.spritspar-meisterschaft.de\/wp-content\/uploads\/2018\/11\/P1050205.jpg\" width=\"351\" height=\"263\" \/> \u00a0 \u00a0 \u00a0 \u00a0 \u00a0 <img loading=\"lazy\" decoding=\"async\" src=\"https:\/\/www.spritspar-meisterschaft.de\/wp-content\/uploads\/2018\/11\/P1050193.jpg\" width=\"355\" height=\"266\" \/>\u00a0 \u00a0 \u00a0 \u00a0 \u00a0 \u00a0\u00a0<img loading=\"lazy\" decoding=\"async\" src=\"https:\/\/www.spritspar-meisterschaft.de\/wp-content\/uploads\/2018\/11\/20181113_111413.jpg\" width=\"366\" height=\"267\" \/><\/p>\n<p><span style=\"font-size: 14pt;\"><strong>01.09.2018 Klimastra\u00dfenfest K\u00f6ln Nippes (<a href=\"https:\/\/www.spritspar-meisterschaft.de\/wp-content\/uploads\/2018\/09\/KSTA_Klimastrassenfest_010918.pdf\" target=\"_blank\" rel=\"noopener noreferrer\"><em>Pressebericht<\/em><\/a>)<\/strong><\/span><\/p>\n<p style=\"text-align: justify;\">Die K\u00f6lner Spritspar-Meisterschaft war auf dem Klimastra\u00dfenfest in Nippes mit einem Stand vertreten. Vor Ort wurde \u00fcber die kostenlosen Angebote der KSM informiert und kostenlose Trainings angeboten. Zudem konnte man im Rahmen der Ford Kampagne <a href=\"https:\/\/www.ford.de\/ueber-ford\/share-the-road\" target=\"_blank\" rel=\"noopener noreferrer\"><em><strong>&#8222;Share-the-Road&#8220;<\/strong><\/em><\/a> mittels Virtual Reality Konfliktsituationen zwischen Autofahrenden und Radfahrenden hautnah erleben.<\/p>\n<p><img loading=\"lazy\" decoding=\"async\" src=\"https:\/\/www.spritspar-meisterschaft.de\/wp-content\/uploads\/2018\/09\/20180901_132107_resized.jpg\" alt=\"KSM @ Klimastrassenfest Nippes\" width=\"424\" height=\"206\" \/>\u00a0 \u00a0 \u00a0 \u00a0 \u00a0 \u00a0 \u00a0 \u00a0 \u00a0 \u00a0 \u00a0 \u00a0 \u00a0 \u00a0 \u00a0\u00a0<img loading=\"lazy\" decoding=\"async\" src=\"https:\/\/www.spritspar-meisterschaft.de\/wp-content\/uploads\/2018\/09\/jwaaSjUfS7GULy4pe1KRQ-e1536063907352.jpg\" alt=\"\" width=\"158\" height=\"211\" \/>\u00a0 \u00a0 \u00a0 \u00a0 \u00a0 \u00a0 \u00a0 \u00a0 \u00a0 \u00a0 \u00a0 \u00a0 \u00a0 \u00a0 \u00a0\u00a0<img loading=\"lazy\" decoding=\"async\" src=\"https:\/\/www.spritspar-meisterschaft.de\/wp-content\/uploads\/2018\/09\/image2-e1536064049992.jpeg\" alt=\"\" width=\"161\" height=\"214\" \/><img decoding=\"async\" src=\"https:\/\/www.spritspar-meisterschaft.de\/wp-content\/uploads\/2018\/09\/KSTA_Klimastrassenfest_010918.pdf\" alt=\"\" \/><\/p>\n<p><span style=\"font-size: 14pt; color: #000000;\"><strong><span style=\"color: #444444;\">15.6.2018 Pressevent der K\u00f6lner Spritspar-Meisterschaft im K\u00f6lner K\u00fcnstler Theater<\/span> (<a href=\"https:\/\/www.spritspar-meisterschaft.de\/wp-content\/uploads\/2018\/06\/Pressemitteilung-Schirmherr-Jean-P\u00fctz.pdf\" target=\"_blank\" rel=\"noopener noreferrer\"><em>Pressemitteilung<\/em><\/a>)<\/strong><\/span><\/p>\n<p><span style=\"font-size: 14pt; color: #444444;\">begleitet durch Jean P\u00fctz als Kampagnen-Botschafter und Schirmherrn (<strong><em><a style=\"color: #444444;\" href=\"https:\/\/www.spritspar-meisterschaft.de\/index.php\/bildergalerie\/\"><span style=\"color: #77cc6d;\">Bildergalerie<\/span><\/a><\/em><\/strong>)<\/span><\/p>\n<ul>\n<li><span style=\"font-size: 14pt; color: #444444;\">Training f\u00fcr Ehrenfelder KMU\u00a0<\/span><\/li>\n<li><span style=\"font-size: 14pt; color: #444444;\">Auszeichnung der bisherigen Gewinner der Klima-aktiven Unternehmen<\/span><\/li>\n<\/ul>\n<figure id=\"attachment_1369\" aria-describedby=\"caption-attachment-1369\" style=\"width: 415px\" class=\"wp-caption alignleft\"><img loading=\"lazy\" decoding=\"async\" class=\"wp-image-1369 size-full\" src=\"https:\/\/www.spritspar-meisterschaft.de\/wp-content\/uploads\/2018\/06\/KSM-Pressetermin.jpg\" alt=\"\" width=\"415\" height=\"276\" srcset=\"https:\/\/www.spritspar-meisterschaft.de\/wp-content\/uploads\/2018\/06\/KSM-Pressetermin.jpg 415w, https:\/\/www.spritspar-meisterschaft.de\/wp-content\/uploads\/2018\/06\/KSM-Pressetermin-300x200.jpg 300w\" sizes=\"auto, (max-width: 415px) 100vw, 415px\" \/><figcaption id=\"caption-attachment-1369\" class=\"wp-caption-text\"><span style=\"color: #444444;\"><em><span style=\"font-size: 8pt;\">Siegerehrung Spritspar-Meister durch Jean P\u00fctz<\/span><\/em><\/span><br \/><span style=\"color: #444444;\"><em><span style=\"font-size: 8pt;\">Foto: Martin Valentin Menke \/\/ mail@martin-menke.com<\/span><\/em><\/span><\/figcaption><\/figure>\n","protected":false},"excerpt":{"rendered":"<p>30.07.2019 Klimaschutzworkshop im Autohaus Strunk 10 engagierte Jugendliche der JOBLINGE gAG Rheinland wurden zu Klimaschutzbotschaftern ausgebildet. F F F F F F f 22.07.2019 Auftakt der Elektro Effizienz und Sicherheitstrainingsreihe Besch\u00e4ftigte des Ordungs- und Verkehrsdienstes starten das Leuchtturm Event f\u00fcr<\/p>\n","protected":false},"author":2,"featured_media":0,"parent":0,"menu_order":0,"comment_status":"closed","ping_status":"closed","template":"","meta":{"footnotes":""},"class_list":["post-143","page","type-page","status-publish","hentry"],"_links":{"self":[{"href":"https:\/\/www.spritspar-meisterschaft.de\/index.php\/wp-json\/wp\/v2\/pages\/143","targetHints":{"allow":["GET"]}}],"collection":[{"href":"https:\/\/www.spritspar-meisterschaft.de\/index.php\/wp-json\/wp\/v2\/pages"}],"about":[{"href":"https:\/\/www.spritspar-meisterschaft.de\/index.php\/wp-json\/wp\/v2\/types\/page"}],"author":[{"embeddable":true,"href":"https:\/\/www.spritspar-meisterschaft.de\/index.php\/wp-json\/wp\/v2\/users\/2"}],"replies":[{"embeddable":true,"href":"https:\/\/www.spritspar-meisterschaft.de\/index.php\/wp-json\/wp\/v2\/comments?post=143"}],"version-history":[{"count":0,"href":"https:\/\/www.spritspar-meisterschaft.de\/index.php\/wp-json\/wp\/v2\/pages\/143\/revisions"}],"wp:attachment":[{"href":"https:\/\/www.spritspar-meisterschaft.de\/index.php\/wp-json\/wp\/v2\/media?parent=143"}],"curies":[{"name":"wp","href":"https:\/\/api.w.org\/{rel}","templated":true}]}}