{"id":7,"date":"2018-05-18T02:32:44","date_gmt":"2018-05-18T00:32:44","guid":{"rendered":"http:\/\/www.spritspar-meisterschaft.de\/?page_id=7"},"modified":"2019-07-06T12:58:16","modified_gmt":"2019-07-06T10:58:16","slug":"koelner-spritspar-meisterschaft","status":"publish","type":"page","link":"https:\/\/www.spritspar-meisterschaft.de\/","title":{"rendered":"Die Kampagne"},"content":{"rendered":"<p style=\"text-align: justify;\"><span style=\"font-size: 14pt;\">Die K\u00f6lner Spritspar-Meisterschaft ist eine vom KlimaKreis K\u00f6ln gef\u00f6rderte <span style=\"color: #77cc6d;\"><strong> Mitmach-Kampagne zu Nachhaltiger Mobilit\u00e4t<\/strong><\/span>. Kostenlose <span style=\"color: #77cc6d;\"><strong>Bildungs- und Trainingsprogramme f\u00fcr kleine und mittlere Unternehmen<\/strong><\/span> (KMU), Berufskollegs, Bildungs- und Kultureinrichtungen, gemeinn\u00fctzige Organisationen und interessierte K\u00f6lner liefert konkrete und alltagstaugliche Anregungen f\u00fcr eine <span style=\"color: #77cc6d;\"><strong>klimaschonendere, energieeffizientere und sicherere Mobilit\u00e4tskultur<\/strong><\/span>. Als Leuchtturm-Projekt ist die K\u00f6lner Spritspar-Meisterschaft auf sich selbst verst\u00e4rkende Eigendynamik sowie Verstetigung und Erweiterung angelegt. Die Kampagne l\u00e4uft noch bis August 2019.<br \/>\n<\/span><\/p>\n<p><span style=\"color: #77cc6d; font-size: 16pt;\"><strong>NEU: Die K\u00f6lner Spritspar-Meisterschaft ist Partner der Mobilit\u00e4tswochen der IHK K\u00f6ln<\/strong><\/span><\/p>\n<p><span style=\"font-size: 14pt;\"><img loading=\"lazy\" decoding=\"async\" class=\"alignleft\" src=\"https:\/\/www.spritspar-meisterschaft.de\/wp-content\/uploads\/2019\/07\/IHK.gif\" alt=\"\" width=\"224\" height=\"471\" \/>Die Mobilit\u00e4tswochen der IHK K\u00f6ln sind gestartet. Neben den Trainings der K\u00f6lner Spritspar-Meisterschaft gibt es zahlreiche kostenlose Angebote rund um das Thema &#8222;Nachhaltige Mobilit\u00e4t&#8220;. <a href=\"https:\/\/www.ihk-koeln.de\/195024\" target=\"_blank\" rel=\"noopener noreferrer\">Hier k\u00f6nnen Sie sich \u00fcber die Mobilit\u00e4tswochen informieren.<\/a><\/span><\/p>\n<p><img decoding=\"async\" class=\"aligncenter\" src=\"https:\/\/www.spritspar-meisterschaft.de\/ihk\/\" alt=\"\" \/><span style=\"font-size: 14pt;\">Mitmachen lohnt sich wegen vielf\u00e4ltiger <em><span style=\"color: #77cc6d;\"><a style=\"color: #77cc6d;\" href=\"http:\/\/www.spritspar-meisterschaft.de\/index.php\/effekte\/\" target=\"_blank\" rel=\"noopener noreferrer\"><strong>positiver Effekte<\/strong><\/a>!\u00a0<\/span><\/em><\/span><\/p>\n<p style=\"text-align: justify;\">\n<p><img decoding=\"async\" class=\"aligncenter\" src=\"https:\/\/www.spritspar-meisterschaft.de\/ihk\/\" alt=\"\" \/><span style=\"color: #77cc6d; font-size: 16pt;\"><b>Jea<\/b><b>n P\u00fctz als Kam<span style=\"color: #77cc6d;\">pagnen-B<\/span>otschafter<\/b><\/span><\/p>\n<p style=\"text-align: justify;\"><span style=\"font-size: 14pt;\">Jean P\u00fctz ist Schirmherr und prominenter Kampagnen-Botschafter der K\u00f6lner Spritspar-Meisterschaft. Als Mentor dieser Kampagne zu nachhaltiger Mobilit\u00e4t unterst\u00fctzt Jean P\u00fctz die \u00d6ffentlichkeitsarbeit. Jean P\u00fctz begleitet Trainings- und Bildungs-Events und motiviert Menschen so zu nachhaltigem Mobilit\u00e4tsverhalten f\u00fcr ein Plus beim Klimaschutz und sozialem Klima.<\/span><\/p>\n<p style=\"text-align: justify;\"><span style=\"font-size: 14pt;\"><strong>\u00a0<img decoding=\"async\" src=\"https:\/\/www.spritspar-meisterschaft.de\/ihk\/\" alt=\"\" \/><\/strong><\/span><\/p>\n<p style=\"text-align: justify;\"><span style=\"font-size: 14pt; color: #77cc6d;\"><strong>Bausteine der K\u00f6lner Spritspar-Meisterschaft<\/strong><\/span><\/p>\n<p><span style=\"font-size: 14pt;\">Mobilit\u00e4tsberatung und Potenzialanalyse f\u00fcr Unternehmen\u00a0<\/span><\/p>\n<ul style=\"text-align: justify;\">\n<li><span style=\"font-size: 14pt;\">\u00a0Mobilit\u00e4tsberatung und Potenzialanalyse f\u00fcr Unternehmen (kostenlos)<\/span><\/li>\n<li><span style=\"font-size: 14pt;\">Workshops zu nachhaltiger Mobilit\u00e4t (kostenlos)<\/span><\/li>\n<li><span style=\"font-size: 14pt;\">Spritspar-Trainings \u201eEco Safety\u201c (kostenlos)<\/span><\/li>\n<li><span style=\"font-size: 14pt;\">Spritspar-Wettbewerb zum \u201eK\u00f6lner Spritspar-Meister\u201c<\/span><\/li>\n<li><span style=\"font-size: 14pt;\">\u00d6ffentlichkeitsarbeit und Events<\/span><\/li>\n<li><span style=\"font-size: 14pt;\">Dialog und Erfahrungsaustausch<\/span><\/li>\n<\/ul>\n<p style=\"text-align: justify;\"><span style=\"font-size: 14pt;\"><span style=\"color: #77cc6d;\"><strong>MEHR DETAILS\u00a0<\/strong><\/span><\/span><\/p>\n<p style=\"text-align: justify;\"><span style=\"font-size: 14pt;\">Erlebenswirksame und <strong><span style=\"color: #77cc6d;\">praxisnahe Schulungs- und Trainingsinhalte<\/span> \u2013<\/strong> vermittelt durch Mobilit\u00e4tsexperten \u2013 verdeutlichen praktischen und emotionalen Nutzen von umweltbewusster Mobilit\u00e4t. <span style=\"color: #77cc6d;\"><strong>Edutainment-Konzept und Coaching-Didaktik<\/strong><\/span> f\u00f6rdern dabei intrinsische Motivation. Ein Wettbewerb weckt gezielt sportlichen Ehrgeiz, erzeugt Aufmerksamkeit und schafft \u201eAha-Erlebnisse\u201c. B<\/span><span style=\"font-size: 14pt;\">ew\u00e4hrte (Zeit-)effiziente Spritspar-Trainings<span style=\"color: #77cc6d;\"> <strong>\u201eEco Safety-Trainings\u201c<\/strong><\/span> kommen dabei f\u00fcr gewerbliche und private Fahrer zum Einsatz. Weiterhin werden <span style=\"color: #77cc6d;\"><strong>betriebliche Mobilit\u00e4tsberatung<\/strong><\/span> \u2013 automobile und nicht Auto-bezogene \u2013 sowie <span style=\"color: #77cc6d;\"><strong>Workshops<\/strong><\/span> in Unternehmen und an Berufskollegs angeboten. Die Beratung orientiert sich am individuellen Gesch\u00e4ftsbetrieb. Eine Potenzialanalyse wird durchgef\u00fchrt, um den betrieblichen Mobilit\u00e4tsmix zu optimieren. Die Teilnehmer werden zu <span style=\"color: #77cc6d;\">\u201e<strong>Klimaschutz-Botschaftern\u201c f\u00fcr nachhaltige Mobilit\u00e4t<\/strong><\/span> und glaubw\u00fcrdige Multiplikatoren praktizierten Klimaschutzes in ihrem sozialen Umfeld.<\/span><\/p>\n<p style=\"text-align: justify;\"><span style=\"font-size: 14pt;\">Ein Portfolio verschiedener <span style=\"color: #77cc6d;\"><strong>Kommunikationsma\u00dfnahmen <\/strong><\/span>tr\u00e4gt nachhaltige Mobilit\u00e4t wirksam in die \u00d6ffentlichkeit. Print\u2010 und Onlinemedien, Events mit Kooperationspartnern und VIPs \u2013 beispielsweise Jean P\u00fctz als Kampagnen-Botschafter \u2013 sowie die Kampagnen-Webseite erzeugen Aufmerksamkeit f\u00fcr Projektinhalte und Mitwirkende. Der <span style=\"color: #77cc6d;\"><strong>H\u00f6hepunkt ist das gro\u00dfe Meisterschaftsfinale der KSM<\/strong><\/span>, vorbereitet durch Bezirks-Meisterschaften, begleitet von einem Abschlusskongress mit Akteuren und Experten.<\/span><\/p>\n<p><span style=\"font-size: 14pt;\">F\u00fcr Schnellentschlossene: Hier geht es zur <a href=\"https:\/\/www.spritspar-meisterschaft.de\/wp-content\/uploads\/2018\/06\/Anmeldeformular_KSM-06-2018.pdf\" target=\"_blank\" rel=\"noopener noreferrer\">Anmeldeformular_KSM<\/a><\/span><\/p>\n<p style=\"text-align: justify;\"><a href=\"http:\/\/www.spritspar-meisterschaft.de\/index.php\/hintergrund-und-ziele\/\"><em><strong><span style=\"font-size: 14pt;\">Hintergrund<\/span><\/strong><\/em><\/a><\/p>\n<p style=\"text-align: justify;\"><a href=\"http:\/\/www.spritspar-meisterschaft.de\/index.php\/ziele\/\"><em><strong><span style=\"font-size: 14pt;\">Ziele<\/span><\/strong><\/em><\/a><\/p>\n<p style=\"text-align: justify;\"><a href=\"http:\/\/www.spritspar-meisterschaft.de\/index.php\/aktueller-stand-der-dinge\/\"><em><strong><span style=\"font-size: 14pt;\">Aktueller Stand der Dinge<\/span><\/strong><\/em><\/a><\/p>\n<p><span style=\"font-size: 8pt;\"><em>Fotos:<\/em><\/span><br \/>\n<span style=\"font-size: 8pt;\"><em>Slider 1 &#8222;Projekt Ziele&#8220;: 1-3 \u00a9Allegium GmbH<\/em><\/span><br \/>\n<span style=\"font-size: 8pt;\"><em>Slider 2 &#8222;Wetttbewerb&#8220;: 1\u00a0\u00a9 Brigitte Jantz; 2 \u00a9Fotolia; 3 \u00a9Brigitte Jantz<\/em><\/span><br \/>\n<span style=\"font-size: 8pt;\"><em>Slider 3 &#8222;Beratungsangebote und Workshops&#8220;: 1 \u00a9Brigitte Jantz; 2 \u00a9Allegium GmbH; 3 \u00a9Fotolia<\/em><\/span><\/p>\n","protected":false},"excerpt":{"rendered":"<p>Die K\u00f6lner Spritspar-Meisterschaft ist eine vom KlimaKreis K\u00f6ln gef\u00f6rderte Mitmach-Kampagne zu Nachhaltiger Mobilit\u00e4t. Kostenlose Bildungs- und Trainingsprogramme f\u00fcr kleine und mittlere Unternehmen (KMU), Berufskollegs, Bildungs- und Kultureinrichtungen, gemeinn\u00fctzige Organisationen und interessierte K\u00f6lner liefert konkrete und alltagstaugliche Anregungen f\u00fcr eine klimaschonendere,<\/p>\n","protected":false},"author":2,"featured_media":0,"parent":0,"menu_order":0,"comment_status":"closed","ping_status":"closed","template":"","meta":{"footnotes":""},"class_list":["post-7","page","type-page","status-publish","hentry"],"_links":{"self":[{"href":"https:\/\/www.spritspar-meisterschaft.de\/index.php\/wp-json\/wp\/v2\/pages\/7","targetHints":{"allow":["GET"]}}],"collection":[{"href":"https:\/\/www.spritspar-meisterschaft.de\/index.php\/wp-json\/wp\/v2\/pages"}],"about":[{"href":"https:\/\/www.spritspar-meisterschaft.de\/index.php\/wp-json\/wp\/v2\/types\/page"}],"author":[{"embeddable":true,"href":"https:\/\/www.spritspar-meisterschaft.de\/index.php\/wp-json\/wp\/v2\/users\/2"}],"replies":[{"embeddable":true,"href":"https:\/\/www.spritspar-meisterschaft.de\/index.php\/wp-json\/wp\/v2\/comments?post=7"}],"version-history":[{"count":0,"href":"https:\/\/www.spritspar-meisterschaft.de\/index.php\/wp-json\/wp\/v2\/pages\/7\/revisions"}],"wp:attachment":[{"href":"https:\/\/www.spritspar-meisterschaft.de\/index.php\/wp-json\/wp\/v2\/media?parent=7"}],"curies":[{"name":"wp","href":"https:\/\/api.w.org\/{rel}","templated":true}]}}